 number?
False
Is 1019352791 composite?
False
Is 11776427879 prime?
True
Is 1025860967 prime?
True
Is 2293787071 a prime number?
True
Is 88241183 composite?
True
Is 5105652613 a composite number?
False
Is 545304341 a composite number?
False
Is 2134970989 prime?
True
Is 762161249 composite?
True
Is 7002930401 composite?
False
Is 3031588606 prime?
False
Is 160404071 prime?
True
Is 8785393465 prime?
False
Is 5484553901 prime?
False
Is 17948228197 a composite number?
True
Is 25921529971 a prime number?
True
Is 61619560213 prime?
True
Is 369637043 a prime number?
True
Is 3209719333 a prime number?
False
Is 169560661 composite?
False
Is 142277293 a prime number?
False
Is 564392887 prime?
False
Is 35511251783 prime?
False
Is 994429117 a prime number?
False
Is 8640430913 composite?
True
Is 7659324293 a prime number?
True
Is 75542153 prime?
True
Is 999119567 prime?
True
Is 107949243089 a composite number?
False
Is 9342254231 prime?
False
Is 4472080603 composite?
False
Is 425646877 a prime number?
False
Is 2434439573 a composite number?
True
Is 2854552993 prime?
True
Is 114983927 a composite number?
True
Is 57096195323 composite?
False
Is 100250771141 a prime number?
True
Is 563576887 prime?
False
Is 724920769 a prime number?
True
Is 46043528309 prime?
False
Is 3230411539 a prime number?
True
Is 29836912363 a composite number?
True
Is 6330001467 a prime number?
False
Is 43305368663 a composite number?
True
Is 65260283707 a composite number?
False
Is 63063690353 a prime number?
False
Is 819883297 composite?
False
Is 166334346313 composite?
False
Is 181405987483 prime?
False
Is 1616112131 composite?
False
Is 1882579291 prime?
True
Is 1618919111 prime?
False
Is 14939877419 composite?
False
Is 154994914067 a prime number?
False
Is 20011495271 a composite number?
True
Is 12538009927 composite?
False
Is 683669911 a composite number?
False
Is 2771558809 composite?
False
Is 1154292109 a prime number?
True
Is 12659506989 a composite number?
True
Is 1110444479 a composite number?
False
Is 2321291669 composite?
True
Is 9411421157 prime?
True
Is 13167861503 a prime number?
True
Is 16963652735 composite?
True
Is 984666253 composite?
True
Is 27869389 a prime number?
False
Is 2449836401 a prime number?
False
Is 3610932001 composite?
False
Is 2915901353 a composite number?
True
Is 24520832407 a prime number?
True
Is 266354381 a composite number?
False
Is 631791911 prime?
True
Is 18140531261 composite?
False
Is 5540937235 composite?
True
Is 135358123 a prime number?
True
Is 511618019 a prime number?
False
Is 3583080903 composite?
True
Is 1457975231 a prime number?
True
Is 12244330723 prime?
True
Is 4614560303 prime?
True
Is 3205335347 a prime number?
False
Is 823032971 composite?
False
Is 3945572777 a prime number?
False
Is 2918767909 a composite number?
True
Is 51123366439 prime?
False
Is 10501003267 composite?
False
Is 1091918111 prime?
True
Is 4318136447 a prime number?
True
Is 14837057381 prime?
True
Is 37804864151 a prime number?
True
Is 8732129962 a composite number?
True
Is 10364844199 composite?
False
Is 1117746401 composite?
False
Is 717727187 a prime number?
True
Is 13193759461 a prime number?
False
Is 275726527393 prime?
True
Is 121963896827 a composite number?
False
Is 309261021 prime?
False
Is 1050398849 composite?
False
Is 546130543 a composite number?
True
Is 1000286513 prime?
True
Is 5524074097 a composite number?
False
Is 3596571353 a composite number?
False
Is 923571563 composite?
True
Is 31885659073 a composite number?
False
Is 213689728759 a composite number?
True
Is 206438941 a composite number?
True
Is 81899739599 a composite number?
False
Is 552097081 a composite number?
True
Is 44418401971 prime?
False
Is 3903624619 a prime number?
False
Is 156850949 composite?
False
Is 3216968851 a composite number?
True
Is 50321413 a composite number?
True
Is 44711023 a composite number?
True
Is 574690019 a prime number?
True
Is 30504975131 prime?
False
Is 1705449451 composite?
True
Is 16471390561 composite?
True
Is 2208649351 composite?
False
Is 3000424391 prime?
True
Is 1483738237 a prime number?
True
Is 93950274707 prime?
False
Is 4525452487 a prime number?
True
Is 17735262863 prime?
False
Is 9955270119 a prime number?
False
Is 65371847441 a composite number?
False
Is 67807008431 composite?
False
Is 371290327 prime?
False
Is 461866322 composite?
True
Is 1880341697 a composite number?
True
Is 45110764319 prime?
False
Is 174488411819 prime?
True
Is 5887255301 a prime number?
False
Is 771472763 a prime number?
True
Is 2562937853 a prime number?
False
Is 183831824321 a prime number?
True
Is 724008619 a composite number?
False
Is 682641653 composite?
True
Is 295113413 composite?
True
Is 48623334517 composite?
False
Is 463604837 composite?
False
Is 228969469 prime?
False
Is 2759494459 prime?
False
Is 2209303093 a composite number?
False
Is 89719583827 prime?
True
Is 3602642223 a prime number?
False
Is 1947189287 prime?
False
Is 786217447 a prime number?
False
Is 680534233 prime?
False
Is 5701479367 a composite number?
False
Is 2578539283 a prime number?
False
Is 868146137 a prime number?
True
Is 36312666917 prime?
True
Is 97523761991 prime?
True
Is 376083593 a composite number?
False
Is 4370935447 a prime number?
True
Is 28681552355 a composite number?
True
Is 35153543 a prime number?
True
Is 4781193401 composite?
False
Is 2771039681 composite?
True
Is 2729084777 a composite number?
True
Is 645384637 composite?
False
Is 392430793 a composite number?
False
Is 172348519 a prime number?
False
Is 1145048621 prime?
True
Is 1558637035 a composite number?
True
Is 71440548483 a composite number?
True
Is 71951311249 composite?
False
Is 68070773 a composite number?
False
Is 752624239 a prime number?
False
Is 1161877511 prime?
True
Is 29274903157 prime?
False
Is 4677607213 a prime number?
False
Is 14789349845 composite?
True
Is 3969980219 a prime number?
True
Is 4282949351 prime?
True
Is 1046969981 composite?
False
Is 1990985765 a prime number?
False
Is 9196242917 composite?
False
Is 90491689 a prime number?
True
Is 3481873 prime?
False
Is 473274293 a composite number?
True
Is 12494771 prime?
True
Is 1220017007 a composite number?
True
Is 163194443 a composite number?
False
Is 392545169 composite?
False
Is 226033782737 prime?
False
Is 10293115891 a prime number?
True
Is 558562793 a composite number?
False
Is 746962469 prime?
False
Is 40148873539 a prime number?
True
Is 1128107489 a composite number?
True
Is 8424274451 a prime number?
True
Is 319883657 a prime number?
False
Is 32372217209 composite?
False
Is 2294176853 prime?
False
Is 2218184243 a prime number?
False
Is 372484583 a prime number?
False
Is 72958199057 prime?
False
Is 1195234059 a composite number?
True
Is 41855761253 a composite number?
True
Is 33724332919 composite?
False
Is 1789928107 composite?
True
Is 66538983917 prime?
False
Is 69587674943 composite?
False
Is 300639113 a prime number?
False
Is 214426841318 prime?
False
Is 12736379 prime?
False
Is 8162387593 prime?
False
Is 1927246669 a composite number?
True
Is 357608581 a composite number?
True
Is 6987929777 a composite number?
False
Is 1434762493 a prime number?
True
Is 159708447251 a prime number?
True
Is 1720623353 prime?
False
Is 1075914103 composite?
True
Is 2591617541 a composite number?
True
Is 3275969719 prime?
False
Is 60920802607 a composite number?
True
Is 456114821 a composite number?
False
Is 3339170323 a prime number?
True
Is 1811279621 composite?
False
Is 167369209373 prime?
False
Is 7146504559 composite?
True
Is 3396745907 a composite number?
True
Is 4708366249 composite?
False
Is 7516271933 composite?
False
Is 4159750187 a prime number?
False
Is 23385497197 a composite number?
True
Is 51240980755 a prime number?
False
Is 82646701003 a composite number?
True
Is 1441878773 a composite number?
False
Is 815977247 a composite number?
False
Is 372304279 a composite number?
False
Is 951672229 composite?
True
Is 1951644701 composite?
True
Is 52617402653 a prime number?
True
Is 2643458819 a prime number?
False
Is 547906823 composite?
True
Is 1427590102 prime?
False
Is 96878793491 a prime number?
False
Is 14050855957 a composite number?
False
Is 18870355169 a prime number?
False
Is 908573713 prime?
True
Is 11401996927 a composite number?
True
